se -2240 = 7*f - 15*f. Let a(g) = f - g**2 + 8*g + 279 - 839 + 283. Determine a(10).
-17
Let b(g) = -3*g**3 + 2. Let o(w) = 8*w**2 - 45*w + 28. Let p(s) = 7*s**2 - 46*s + 27. Let r(u) = 2*o(u) - 3*p(u). Let j be r(9). What is b(j)?
-22
Let w(v) = -v**2 + 9*v + 2. Let n = -10 + 16. Let a be (-819)/14*(-2 + n/9). Let k = a - 70. Determine w(k).
10
Let b(d) be the first derivative of 2*d**2 - 22*d - 1164. What is b(17)?
46
Let t(i) = -i**2 + 4*i + 12. Let y be 114/22 - (3 + (-527)/187). Determine t(y).
7
Let n = 33 - 66. Let m = n - -39. Let f = -12 + m. Let q(b) = b**2 + 7*b + 4. What is q(f)?
-2
Let o(q) be the second derivative of -q**4/12 - 31*q**3/6 + 27*q**2/2 - 1126*q. Determine o(-32).
-5
Let w(o) = -69*o**3 + 4*o**2 - 9*o - 1. Let x(j) = 70*j**3 - 5*j**2 + 11*j + 1. Let r(i) = -5*w(i) - 4*x(i). Calculate r(-1).
-65
Let v be (-2*(-2)/(-4))/(-1). Let j be (-1)/(v + 10/(-12)). Let h(s) = 4*s - 30. Let l(q) = q - 10. Let m(r) = -2*h(r) + 7*l(r). Calculate m(j).
-4
Let c = -150163/12 - -12514. Let k(r) be the second derivative of -c*r**4 + 1/2*r**2 - 1/2*r**3 - 13*r + 1/20*r**5 + 0. Determine k(5).
-14
Suppose -5*i + y + 73 = -2, 0 = -4*y + 20. Let d = i - 11. Let c(b) = -8*b**3 + 8*b**3 + b**3 - 5 - d*b**2. Give c(5).
-5
Let n be -47 + 507 - 0/(-1). Let g = 467 - n. Let y(c) = c**3 - 5*c**2 - 15*c + 3. What is y(g)?
-4
Let k = -14 - -8. Let t(u) = 433*u**2 + 6*u - 432*u**2 + 0*u + 3. Determine t(k).
3
Suppose 96*f - 709*f = 3065. Let j(g) be the first derivative of -g**3/3 - 3*g**2 - g + 1. Calculate j(f).
4
Let o(q) = -18*q + 34 - 35 + 33*q - q**3 + 4*q**2 - 17*q. Calculate o(5).
-36
Let x(c) be the first derivative of c**4/4 + 7*c**3/3 - 11*c**2/2 - 29*c - 12534. Determine x(-7).
48
Let m be 7/((-14)/(-3))*(11/3)/11. Let j(h) be the third derivative of -15*h**2 + 0 + 0*h - m*h**3 - 1/24*h**4. Give j(7).
-10
Let t = 75 + -122. Let v = t - -56. Let j(y) = 9 - 3 - 6*y + y**2 - v. Calculate j(7).
4
Let v(x) be the first derivative of -x**4/4 - 10*x**3/3 - 8*x**2 + 8*x + 2829. Give v(-7).
-27
Let g(k) = k**2 + k - 1. Let w(l) = -6*l**2 + 7*l - 8. Let r(s) = 5*g(s) + w(s). Let c(z) = -10*z - 28. Let v be c(5). Let h = -67 - v. Give r(h).
-2
Let p(u) be the first derivative of 5*u - 1/3*u**3 - 3*u**2 + 33. Determine p(-7).
-2
Let c(y) = -2*y**3 + 84*y**2 - 89*y + 296. Let n be c(41). Let m(u) = -19*u + 172. What is m(n)?
1
Let q(z) = -z**3 + 8*z**2 - 7*z + 1. Let d(k) = k**2 - 25*k + 31. Suppose -m - 4*l = -28, -m - 2*l - 13 = -39. Let o be d(m). Determine q(o).
1
Let c(x) = -x**2 - 3*x + 3. Suppose 18*h - 17*h + 88 = 0. Let b be h/(-66)*3/2. Let a(g) = g. Let d(t) = b*a(t) + c(t). Determine d(-3).
-3
Let m = -4 + 6. Let q be ((-35)/(-10))/((1/(-2))/(-1)). Suppose -o + q = m. Let j(l) = l - 2. What is j(o)?
3
Let r = -61 - -19. Let l = -37 - r. Let o(c) = -l - 3*c + 0*c + 6 + 5*c. What is o(2)?
5
Let w(r) be the first derivative of r**3/3 + 9*r**2/2 + 6*r + 23. Let t be (-2 + 10/4)*70. Let v be (14/t)/((-1)/15). Determine w(v).
-12
Let z(m) be the first derivative of m**3/3 - 3*m**2/2 + 3*m - 38689. Suppose 7 = -4*w - 0*w - 3*g, g + 15 = 5*w. Determine z(w).
1
Suppose -13583 = 12*o - 13583. Let j(u) = 4*u**2 + 4*u - 3. Determine j(o).
-3
Let d = 67 + -64. Suppose 2*v - 10 = -2*b + d*b, -4*b = 8. Let j be v*3/(-6) + -1. Let x(n) = 2*n + 1. Calculate x(j).
-5
Let c(u) = u**3 + 17*u**2 + 27*u + 102. Let o(m) = -m**3 - 18*m**2 - 27*m - 112. Let h(d) = -3*c(d) - 4*o(d). Calculate h(-20).
2
Let k = 9023 - 9034. Let n(f) = -f**2 - 13*f + 35. What is n(k)?
57
Let a(z) be the second derivative of 162*z + 2 + 1/6*z**3 + 4*z**2. Calculate a(-10).
-2
Let u be (-82)/(-20) - ((-294)/140)/(-21). Let s(x) be the third derivative of -x**4/12 + x**3 - 39*x**2. Give s(u).
-2
Suppose -2*u + 5 = 5*g, u + 0 = -2*g + 2. Suppose -5 = -u*r + r. Let i(b) = 1 + 244*b**3 - 5 + 3 - 116*b**3 - 127*b**3 - 33*b**2 + 38*b**2. Give i(r).
-1
Let c(w) = -98*w - 398. Let q(u) = 64*u + 265. Let g(z) = -5*c(z) - 8*q(z). Let j be g(-6). Let l(d) = d**3 - d**2 - 2*d + 1. What is l(j)?
1
Let o(v) be the third derivative of -v**5/60 - 17*v**4/24 + 53*v**3/6 + 1146*v**2 - 1. Give o(-20).
-7
Let b(i) = 14*i - 263 - 271 + 531. Give b(-4).
-59
Suppose 0 = 5*j - 3*d - 55, -5*j - d = -0*j - 35. Let r(k) = -6*k + 38. What is r(j)?
-10
Let i(g) = 33 - 97 - 2*g + 48. Let l(w) = -w + 10. Let d be l(6). Suppose 2*p - d = -26. What is i(p)?
6
Suppose 76 = -8*b + 3*b + 4*r, -31 = 2*b - r. Let p be -1*(b/(-40) + (-263)/(-5)). Let o = -52 - p. Let v(m) = 13*m**2 - m + 1. Give v(o).
13
Suppose c + q = -7, 0 = -2*c - q + 6*q + 14. Let d(u) = u**2 + 3*u + 12. What is d(c)?
12
Suppose 41 - 11 = 15*g. Let h(t) = -6*t**g + 2*t + 8*t**2 + 1 + 0*t**2. Let d be (-1 - -3)*(-2)/4. Calculate h(d).
1
Let j(l) be the second derivative of -19*l**3/2 - 54*l. Calculate j(2).
-114
Suppose 0 = 4*h + 2 - 10. Let t = -9 + h. Let p(m) = -7*m**2 - m**3 + 0*m + 2*m + 15 - 7. What is p(t)?
-6
Let w(l) = l - 1. Let n(q) = q**2 + 4*q + 9. Let h = 288 - 287. Let m(t) = h*n(t) + 5*w(t). What is m(-6)?
-14
Let x(v) be the third derivative of -v**7/5040 + v**6/240 + v**5/15 + 11*v**4/24 + v**2 - 11*v. Let k(y) be the third derivative of x(y). Give k(3).
0
Let s(b) = -b**2 + b + 8. Let v = -4378 + 4383. Calculate s(v).
-12
Let f(m) = 10*m**3 - 4*m**2 + 3*m - 7. Let p(w) = -6*w**3 + 5*w**2 - 2*w + 7. Let l(d) = 2*f(d) + 3*p(d). Calculate l(-5).
-68
Let u(q) = 9*q**2 + q - 3. Let y(d) = -13*d**2 - d + 4. Let j(p) = -7*u(p) - 5*y(p). Let v be 4*(-11)/132 + (-35)/(-15). What is j(v)?
5
Let g(o) be the second derivative of o**7/1260 - o**6/720 + o**4/12 + 35*o**3/2 - 5*o - 1. Let t(n) be the third derivative of g(n). What is t(-3)?
21
Let g(t) = 4*t + 52. Suppose 2 - 2 = -91*k - 90*k. Give g(k).
52
Let w be 0*((-45)/(-39) + 142/(-923)). Let c(g) = -g**3 + g**2 + 29*g + 4. Give c(w).
4
Let s be 8/44 - (-40)/22. Suppose 8 = v - t - 3*t, -4 = s*v - 3*t. Let f(c) = -c**2 - 7*c + 11. Calculate f(v).
3
Suppose -40*w + 3*w + 2*w + 210 = 0. Let x(d) be the third derivative of -5*d**2 + 1/24*d**4 + 1/60*d**5 - 1/6*d**3 + 0 + 0*d - 1/6*d**w. What is x(1)?
-19
Suppose -3*f = 33 - 117. Let q = -32 + f. Let r(k) = -6*k**2 - k - 8. Let y(d) = -5*d**2 - 2*d - 7. Let l(b) = q*r(b) + 5*y(b). Determine l(-4).
5
Let j(y) be the second derivative of y**6/180 + y**5/12 + y**4/24 - 32*y**3/3 + y**2/2 - 4*y + 12. Let m(c) be the second derivative of j(c). What is m(-5)?
1
Let s = -2003 + 2003. Let b(y) = 3 - 2*y - 1 + y**2 + y + 7. Calculate b(s).
9
Let i(b) = -2*b**3 - 794*b - 25 - 4 + 781*b - 21*b**2. Let x be i(-10). Let d(u) = u**3 - u**2 + 1. Determine d(x).
1
Let k(l) = -3629*l + 1918. Let c(j) = -1284*j + 639. Let x(a) = 17*c(a) - 6*k(a). Give x(-12).
3
Let k(r) = -r**2 + 9*r + 19. Let h be 464/1160 - (-48)/5. Calculate k(h).
9
Let t = -100 + 106. Let v(s) = -14*s - 3. Let j(w) = -30*w - 7. Let g(k) = 6*j(k) - 13*v(k). Determine g(t).
9
Let w(b) be the second derivative of -b**4/6 + b**3/6 - 7*b. Let d = 12 - 10. Suppose -d*l + 12 = 14. Calculate w(l).
-3
Let d = 257 - 262. Let b(x) = -8 + 2*x + 20 - x. Let g be b(d). Let q(v) = -v**2 + 8*v - 4. Calculate q(g).
3
Let l be (6/9)/(4/6). Let h = 18199 + -18191. Let q(w) = -l - h*w - 14 + 17 + w**2. Give q(8).
2
Let m(y) be the first derivative of y**4/4 - 4*y**3/3 - 3*y**2 + 7*y - 3767. Determine m(5).
2
Let g(i) be the second derivative of 5*i**3/3 + 136*i**2 + 1675*i. What is g(-27)?
2
Let m(z) = 4*z**2 - 43*z + 111. Let o be m(4). Let f(u) be the first derivative of u**4/4 - 2*u**3/3 - 5*u**2/2 + 3*u - 1. Determine f(o).
-3
Let v(f) = -f**3 + 6*f**2 - 2*f + 14. Let i be (-2)/10 - (1 + 4)/(-25). Suppose i = 15*w + 16*w - 186. Give v(w).
2
Let q(f) = -f**2 + 21*f - 108. Let x be q(14). Let d(h) = 3*h**2 + 29*h - 11. What is d(x)?
-1
Let n(k) = k**3 - 20*k**2 + 18*k + 24. Suppose -25*o + 38 = -23*o. Let p be n(o). Let l(s) be the first derivative of -s**3/3 + 7*s**2/2 - 3*s - 169. Give l(p).
7
Let f(c) = c**3 + 7*c**2 + 9*c - 5. Let q be (-12 - 15)/(1/(-1)). Let a = q - 32. Determine f(a).
0
Let i(c) = 34*c**3 - c**2 - 4*c + 8. Let z(f) = -19*f**3 + 3*f - 4. Let m(d) = -4*i(d) - 7*z(d). Calculate m(2).
-22
Let l(q) = 0*q + 85*q**2 - 2*q - 448 - 87*q**2 + 450 + q. Calculate l(3).
-19
Let q(c) be the firs